test common factor of 10 and o.
5
Let t be (19 - 1) + 4 + 10/5. Suppose t*k = 28*k - 80. Suppose 166 = 2*i - 34. What is the highest common factor of i and k?
20
Suppose 0 = -3*n + 7 + 8. Suppose -3*t + 372 = t + n*i, -5*t - 2*i + 448 = 0. Suppose 76*s = 14*s + 473 + 23. What is the greatest common factor of t and s?
8
Suppose -4*o - 3*h = -55 - 1, 4*o - 3*h = 32. Calculate the highest common divisor of 33 and o.
11
Let u = 218 + 310. Calculate the highest common divisor of u and 48.
48
Suppose -12 = 3*b - 0, m = -3*b - 2. Suppose -m*c = -7*c - 150. What is the greatest common divisor of c and 20?
10
Suppose -o + 2*k - 2 = 0, 5*o + k + 10 = -2*k. Let j be 1/o - 12/(-8). Let z be (-2)/4*0 - -11. What is the highest common divisor of z and j?
1
Suppose -2*u + 6 = 5*w - 2*w, -5*u = -3*w + 6. Suppose 0 = 7*l - w*l - 35. What is the highest common factor of 1 and l?
1
Let r be 17 + 3/(-9)*3. Suppose 1 = q - r. Suppose -95 = -4*x + q. What is the greatest common divisor of x and 4?
4
Let z = 308 + -101. What is the greatest common divisor of 23 and z?
23
Let w = 1500 - 920. Calculate the greatest common factor of w and 464.
116
Let a(p) = -14*p**2 + p + 1. Let o be a(2). Let d = o + 203. Let g = 258 - d. What is the highest common divisor of 12 and g?
12
Let y be (8/(-10))/((-16)/40) - -1. Suppose 10*q = y*q + 770. Calculate the greatest common factor of 22 and q.
22
Suppose 4*j - 2*j = 12. Suppose w - 3*w + n + 12 = 0, n = -w. Suppose 4*i + 2*b = 26, -w*i + 42 = -i - 3*b. Calculate the highest common factor of j and i.
3
Let g be -30*(-2)/8*44/(-5). Let b be 2/((-4)/g) + (-10 - -13). Let s(h) = 2*h**2 + 8*h. Let i be s(-6). What is the greatest common divisor of i and b?
12
Suppose 57 = 4*w + y - 0*y, -11 = -2*w + 3*y. Let z = w - -1. Suppose 0 = 5*v - 4*h - z, h = v + 4 - 6. Calculate the greatest common factor of 24 and v.
6
Let u be (4/(-6))/(11/(-363)). Calculate the greatest common factor of u and 847.
11
Suppose -33*l + 528 = -11*l. Calculate the highest common factor of l and 12.
12
Suppose 4*w - 341 - 939 = 0. Let s be 0 + w/18 - (-8)/36. Let b = -56 - -83. Calculate the greatest common divisor of s and b.
9
Let n(p) = 2*p**2 + 4*p - 4. Let k be n(4). Let i be (-3 - -1)*(12 + -14). Calculate the highest common factor of k and i.
4
Let k = -72 - -191. Let l(r) be the third derivative of 17*r**5/60 + r**4/24 - r**3/6 - r**2. Let f be l(1). Calculate the highest common divisor of f and k.
17
Suppose -11*h + 49 + 259 = 0. Calculate the highest common factor of h and 14.
14
Let r = 50 - 52. Let g be (-4 + 0 + 2)*(r + -11). What is the highest common divisor of 182 and g?
26
Suppose -5 = 3*k + 7. Let o(d) = -d**3 - 12*d**2 - 11*d + 14. Let w be o(-11). Let v = k + w. What is the highest common divisor of v and 5?
5
Let p(m) = -5*m + 5. Let t = 18 - 14. Let h be p(t). Let o be 764/6 - 10/h. Calculate the highest common factor of o and 16.
16
Let y(f) = -2*f - 15. Let a be y(-10). Suppose -a*m = 3*b, 0*b = 5*b + m - 22. Calculate the greatest common divisor of 55 and b.
5
Suppose -5*o + 8*o + 2*y = 52, -64 = -4*o - 4*y. Suppose -3*u + 29 - o = 0. What is the greatest common divisor of 2 and u?
1
Suppose 0*m + 15 = -f + m, 16 = -f + 2*m. Let d be 1*(-1)/2*-58. Let s = d + f. What is the greatest common divisor of 90 and s?
15
Suppose -104 = 18*o - 554. What is the greatest common factor of o and 10?
5
Suppose 0*n - n = 3*j + 24, 0 = 4*j + 4*n + 24. Let q = j - -20. Suppose -79*v + 7843 = 506*v + 128*v. What is the greatest common divisor of q and v?
11
Let x be (7 + -90 + -4)/(1 + -2). What is the greatest common factor of 261 and x?
87
Let r(l) = -l + 3. Let w be 2/3*(-3)/(-1). Let d be r(w). Let h be 19 - d/((-4)/(-12)). What is the highest common divisor of h and 128?
16
Suppose 2*a - 3*b - 45 = 0, -5*a + 4*b + 152 = 22. Suppose -5*c = -20 - a. Calculate the highest common divisor of c and 90.
10
Let r(z) = -z**3 - 6*z**2 - 3*z - 10. Let i be r(-7). Suppose -12*c = -8*c - 80. Calculate the highest common divisor of i and c.
20
Suppose 2*d = -d - 6, -3*z + 3*d = -51. Let x be 20/z*(-1)/((-2)/21). What is the highest common divisor of x and 154?
14
Let w(y) = 16*y**3 + 8*y**2 - 16*y + 12. Let k be w(4). Calculate the greatest common factor of 44 and k.
44
Let w be 3*4*(-1)/(-6). Let s(z) = z**3 - z**2 + z + 3. Let r be s(w). Calculate the highest common factor of 144 and r.
9
Suppose 20*v + 6*v = 182. What is the highest common factor of v and 161?
7
Suppose 6*y - 15*y + 792 = 0. Suppose 4*v - y = -3*u, 118 = -0*u + 4*u + 5*v. Let m be (-398)/(-4) + 16/u. Calculate the highest common divisor of 20 and m.
20
Let g = 198 - 156. What is the greatest common factor of g and 105?
21
Let n(b) = -b**3 - 14*b**2 + 25*b - 22. Let q be n(-16). What is the greatest common factor of 138 and q?
6
Let a = -660 - -820. Calculate the greatest common factor of 880 and a.
80
Suppose 3*t - 8*t = -2*w - 66, -5*w = -10. Let h be 2 + -3 - (0 - (-1 - -16)). What is the highest common divisor of h and t?
14
Suppose -275 = -52*n + 47*n. Calculate the highest common divisor of 30 and n.
5
Suppose 45 = 5*h + 2*n, 0 = -3*h + n - 38 + 54. What is the highest common factor of 1 and h?
1
Suppose -5 + 8 = 2*k - 5*p, 2*k = -2*p + 10. Calculate the highest common factor of k and 18.
2
Suppose -8*d = -1426 + 226. What is the highest common factor of 225 and d?
75
Let l = 118 - -38. Let p be ((4 - l) + -2)*-1. What is the greatest common factor of p and 14?
14
Suppose 116 = 2*l - 2*w, 2*l + 119 = 4*l - 3*w. Calculate the highest common factor of l and 253.
11
Suppose 34*l = 36*l - 6, -5*j - l + 108 = 0. Suppose 4*z - 6 = 2*z. Calculate the greatest common divisor of z and j.
3
Let h(n) = -n**3 + 14*n**2 - 39*n + 104. Let j be h(11). Calculate the greatest common factor of j and 76.
38
Suppose 3 = -3*p - 51. Let v be 4/(-18) - 2*182/p. What is the highest common factor of v and 50?
10
Let r = 430 - -330. What is the highest common factor of 40 and r?
40
Let w be 4/(1 + (-3)/5). Suppose -3*h + 6 = 0, 4*c - 3*h = -0*h + 354. Calculate the greatest common divisor of w and c.
10
Let m = 188 - 174. Calculate the highest common divisor of 266 and m.
14
Suppose -34 + 0 = -2*y. Let l = -19 + y. Let v be l*((-276)/8 - -3). Calculate the greatest common factor of v and 7.
7
Let u(h) = 2*h**2 + 3*h + 3. Let c be u(-2). Suppose -c*f = -23 - 32. Let w = f - 4. What is the highest common divisor of w and 14?
7
Suppose -840 = 4*i - 200. Let b = -39 - i. Let j be ((-11)/2)/((-3)/6). Calculate the greatest common divisor of j and b.
11
Let q = 772 + -771. Calculate the greatest common divisor of q and 35.
1
Suppose 7*p - 40 = 9. Suppose -20 = -p*f + 2*f. Suppose 49 - 313 = -6*q. What is the greatest common divisor of f and q?
4
Suppose 3*c + 5*v = 137, -196 = 2*c - 6*c - 4*v. Suppose 4*z - 2*z = 36. Calculate the highest common factor of c and z.
18
Let p = -429 - -532. What is the greatest common divisor of 721 and p?
103
Let l be 144/(-27)*(-10)/(-4)*-6. Let f = 81 - l. What is the greatest common factor of 9 and f?
1
Let g = -148 + 352. Let s(v) = v**3 + 6*v**2 - 28*v - 132. Let f be s(-4). Calculate the greatest common factor of g and f.
12
Let o = 6 - -17. What is the highest common factor of o and 207?
23
Let a(v) = 43*v - 14. Let s be a(2). Calculate the greatest common factor of s and 90.
18
Suppose -5*h = 2*a - 17, -5*a = -4*a - 5*h - 46. Let b(v) = -12 + 39*v - 38*v + 11 + a. Let u be b(-9). Calculate the highest common divisor of u and 77.
11
Let w be (-1 - 0)*13/(-1). Suppose v - 351 = -2*v - 5*b, b - 351 = -3*v. What is the greatest common divisor of w and v?
13
Let l be ((-2)/7)/((-6)/42). Suppose -u + l*m + 98 = u, 0 = 2*m - 10. Calculate the greatest common factor of 81 and u.
27
Let b(k) = k**2 + 12*k - 52. Let m be b(-19). What is the greatest common divisor of m and 117?
9
Let h be 5 - (-1)/(3/(-3)). Suppose 34 = h*j - 2*j. Let p(g) = 2*g**2 - 1. Let m be p(-3). What is the highest common divisor of j and m?
17
Let m(v) = v**3 - 5*v**2 - 6*v + 10. Let x be m(6). Suppose 563 = x*b + 203. Calculate the highest common divisor of b and 24.
12
Let u = -3 - -17. Let c = 7 - u. Let n be (c - -4)/(3/(-40)). What is the highest common divisor of n and 5?
5
Let j be (-2 - -2 - -1)*-76. Le